{"id":1392,"date":"2024-01-11T23:33:19","date_gmt":"2024-01-11T23:33:19","guid":{"rendered":"https:\/\/annaszkoda.com\/?page_id=1392"},"modified":"2024-01-11T23:45:35","modified_gmt":"2024-01-11T23:45:35","slug":"comissioned","status":"publish","type":"page","link":"https:\/\/annaszkoda.com\/?page_id=1392","title":{"rendered":"COMISSIONED"},"content":{"rendered":"\n<p class=\"has-text-color\" style=\"color:#8de67d\"><strong>Currently under Construction<\/strong>, soon more to come<\/p>\n\n\n\n<p><\/p>\n\n\n\n<p>Fiona Siebers, Schach-Gro\u00dfmeisterin<\/p>\n\n\n\n<p>f\u00fcr ZEIT <\/p>\n\n\n\n<figure class=\"wp-block-image size-full\"><img decoding=\"async\" loading=\"lazy\" width=\"578\" height=\"816\" src=\"https:\/\/annaszkoda.com\/wp-content\/uploads\/2024\/01\/Bildschirm\u00adfoto-2024-01-11-um-22.44.06.png\" alt=\"\" class=\"wp-image-1393\" srcset=\"https:\/\/annaszkoda.com\/wp-content\/uploads\/2024\/01\/Bildschirm\u00adfoto-2024-01-11-um-22.44.06.png 578w, https:\/\/annaszkoda.com\/wp-content\/uploads\/2024\/01\/Bildschirm\u00adfoto-2024-01-11-um-22.44.06-213x300.png 213w\" sizes=\"(max-width: 578px) 100vw, 578px\" \/><\/figure>\n\n\n\n<p><\/p>\n\n\n\n<p><\/p>\n\n\n\n<p><\/p>\n\n\n\n<p><\/p>\n\n\n\n<p><\/p>\n\n\n\n<p><\/p>\n\n\n\n<p>ERBJUWELEN<\/p>\n\n\n\n<p>Editorial f\u00fcr CAPITAL MAGAZIN, Luxus Ausgabe<\/p>\n\n\n\n<figure class=\"wp-block-image size-large\"><img decoding=\"async\" loading=\"lazy\" width=\"1024\" height=\"1015\" src=\"https:\/\/annaszkoda.com\/wp-content\/uploads\/2024\/01\/IMG_3794DCD17CF4-1-1024x1015.jpeg\" alt=\"\" class=\"wp-image-1394\" srcset=\"https:\/\/annaszkoda.com\/wp-content\/uploads\/2024\/01\/IMG_3794DCD17CF4-1-1024x1015.jpeg 1024w, https:\/\/annaszkoda.com\/wp-content\/uploads\/2024\/01\/IMG_3794DCD17CF4-1-300x297.jpeg 300w, https:\/\/annaszkoda.com\/wp-content\/uploads\/2024\/01\/IMG_3794DCD17CF4-1-150x150.jpeg 150w, https:\/\/annaszkoda.com\/wp-content\/uploads\/2024\/01\/IMG_3794DCD17CF4-1-768x761.jpeg 768w, https:\/\/annaszkoda.com\/wp-content\/uploads\/2024\/01\/IMG_3794DCD17CF4-1-1080x1071.jpeg 1080w, https:\/\/annaszkoda.com\/wp-content\/uploads\/2024\/01\/IMG_3794DCD17CF4-1.jpeg 1170w\" sizes=\"(max-width: 1024px) 100vw, 1024px\" \/><\/figure>\n\n\n\n<p><\/p>\n\n\n\n<p><\/p>\n\n\n\n<p><\/p>\n\n\n\n<p>ARCHIVARE<\/p>\n\n\n\n<p>Editorial f\u00fcr den Jahresbericht der STIFTUNG PREU\u00dfISCHER KULTURBESITZ<\/p>\n\n\n\n<div class=\"wp-block-group is-layout-constrained wp-block-group-is-layout-constrained\"><div class=\"wp-block-group__inner-container\">\n<div class=\"wp-block-columns is-layout-flex wp-container-2 wp-block-columns-is-layout-flex\">\n<div class=\"wp-block-column is-layout-flow wp-block-column-is-layout-flow\" style=\"flex-basis:100%\">\n<figure class=\"wp-block-image size-large\"><img decoding=\"async\" loading=\"lazy\" width=\"732\" height=\"1024\" src=\"https:\/\/annaszkoda.com\/wp-content\/uploads\/2023\/03\/stiftung-1-17-1-732x1024.jpg\" alt=\"\" class=\"wp-image-1199\" srcset=\"https:\/\/annaszkoda.com\/wp-content\/uploads\/2023\/03\/stiftung-1-17-1-732x1024.jpg 732w, https:\/\/annaszkoda.com\/wp-content\/uploads\/2023\/03\/stiftung-1-17-1-214x300.jpg 214w, https:\/\/annaszkoda.com\/wp-content\/uploads\/2023\/03\/stiftung-1-17-1-768x1075.jpg 768w, https:\/\/annaszkoda.com\/wp-content\/uploads\/2023\/03\/stiftung-1-17-1-1097x1536.jpg 1097w, https:\/\/annaszkoda.com\/wp-content\/uploads\/2023\/03\/stiftung-1-17-1-914x1280.jpg 914w, https:\/\/annaszkoda.com\/wp-content\/uploads\/2023\/03\/stiftung-1-17-1.jpg 1143w\" sizes=\"(max-width: 732px) 100vw, 732px\" \/><\/figure>\n<\/div>\n<\/div>\n<\/div><\/div>\n\n\n\n<p><\/p>\n\n\n\n<p><\/p>\n\n\n\n<p>Emilia Smechowski, Chefredakteurin ZEIT MAGAZIN und Autorin<\/p>\n\n\n\n<p>f\u00fcr Hanser Literatuverlag<\/p>\n\n\n\n<p><\/p>\n\n\n\n<figure class=\"wp-block-image size-large\"><img decoding=\"async\" loading=\"lazy\" width=\"1024\" height=\"683\" src=\"https:\/\/annaszkoda.com\/wp-content\/uploads\/2023\/04\/6Z4A0622-Bearbeitet-1024x683.jpg\" alt=\"\" class=\"wp-image-1247\" srcset=\"https:\/\/annaszkoda.com\/wp-content\/uploads\/2023\/04\/6Z4A0622-Bearbeitet-1024x683.jpg 1024w, https:\/\/annaszkoda.com\/wp-content\/uploads\/2023\/04\/6Z4A0622-Bearbeitet-300x200.jpg 300w, https:\/\/annaszkoda.com\/wp-content\/uploads\/2023\/04\/6Z4A0622-Bearbeitet-768x512.jpg 768w, https:\/\/annaszkoda.com\/wp-content\/uploads\/2023\/04\/6Z4A0622-Bearbeitet-1536x1024.jpg 1536w, https:\/\/annaszkoda.com\/wp-content\/uploads\/2023\/04\/6Z4A0622-Bearbeitet-2048x1365.jpg 2048w, https:\/\/annaszkoda.com\/wp-content\/uploads\/2023\/04\/6Z4A0622-Bearbeitet-1920x1280.jpg 1920w\" sizes=\"(max-width: 1024px) 100vw, 1024px\" \/><figcaption class=\"wp-element-caption\">Hanser Verlag. Autorenbilder von Emilia Smechowski aus Danzig<\/figcaption><\/figure>\n\n\n\n<p><\/p>\n\n\n\n<p><\/p>\n\n\n\n<p>Stern CRIME<\/p>\n\n\n\n<p>VOUGE<\/p>\n\n\n\n<p>Capital<\/p>\n\n\n\n<p>ZEIT CAMPUS<\/p>\n\n\n\n<p><\/p>\n","protected":false},"excerpt":{"rendered":"<p>Currently under Construction, soon more to come Fiona Siebers, Schach-Gro\u00dfmeisterin f\u00fcr ZEIT ERBJUWELEN Editorial f\u00fcr CAPITAL MAGAZIN, Luxus Ausgabe ARCHIVARE Editorial f\u00fcr den Jahresbericht der STIFTUNG PREU\u00dfISCHER KULTURBESITZ Emilia Smechowski, Chefredakteurin ZEIT MAGAZIN und Autorin f\u00fcr Hanser Literatuverlag Stern CRIME VOUGE Capital ZEIT CAMPUS<\/p>\n","protected":false},"author":1,"featured_media":0,"parent":0,"menu_order":0,"comment_status":"closed","ping_status":"closed","template":"","meta":{"footnotes":""},"_links":{"self":[{"href":"https:\/\/annaszkoda.com\/index.php?rest_route=\/wp\/v2\/pages\/1392"}],"collection":[{"href":"https:\/\/annaszkoda.com\/index.php?rest_route=\/wp\/v2\/pages"}],"about":[{"href":"https:\/\/annaszkoda.com\/index.php?rest_route=\/wp\/v2\/types\/page"}],"author":[{"embeddable":true,"href":"https:\/\/annaszkoda.com\/index.php?rest_route=\/wp\/v2\/users\/1"}],"replies":[{"embeddable":true,"href":"https:\/\/annaszkoda.com\/index.php?rest_route=%2Fwp%2Fv2%2Fcomments&post=1392"}],"version-history":[{"count":6,"href":"https:\/\/annaszkoda.com\/index.php?rest_route=\/wp\/v2\/pages\/1392\/revisions"}],"predecessor-version":[{"id":1404,"href":"https:\/\/annaszkoda.com\/index.php?rest_route=\/wp\/v2\/pages\/1392\/revisions\/1404"}],"wp:attachment":[{"href":"https:\/\/annaszkoda.com\/index.php?rest_route=%2Fwp%2Fv2%2Fmedia&parent=1392"}],"curies":[{"name":"wp","href":"https:\/\/api.w.org\/{rel}","templated":true}]}}